9334934?
True
Is 58975209 a multiple of 81?
True
Is 20 a factor of 570018420?
True
Is 2279125194 a multiple of 3702?
True
Is 21887976 a multiple of 22?
True
Is 258 a factor of 23720004?
True
Does 12 divide 5660628?
True
Is 20 a factor of 6435504065?
False
Is 239 a factor of 495998851?
True
Is 3 a factor of 32230744?
False
Does 1675 divide 3600935100?
True
Is 171 a factor of 93483648?
True
Is 8 a factor of 893796600?
True
Is 2678 a factor of 68412188?
True
Is 84 a factor of 142746996?
True
Is 1884331678 a multiple of 7333?
True
Is 56 a factor of 5547136?
True
Is 995720055 a multiple of 15?
True
Does 3788 divide 178127628?
False
Is 99595089 a multiple of 18?
False
Is 6 a factor of 10203918?
True
Does 21 divide 833989233?
True
Is 269 a factor of 152591340?
False
Does 7 divide 1650599068?
False
Is 57 a factor of 352239138?
True
Is 52 a factor of 377658996?
True
Does 89 divide 14262518?
False
Is 4 a factor of 2607340?
True
Does 34 divide 62826754?
False
Does 1410 divide 3394376?
False
Is 111363770 a multiple of 300?
False
Is 56428372 a multiple of 572?
True
Is 326 a factor of 91502023?
False
Is 831 a factor of 16662381?
True
Does 3325 divide 500605503?
False
Does 75 divide 65124525?
True
Is 595 a factor of 11128778?
False
Is 1199 a factor of 5296446?
False
Is 48 a factor of 16754592?
True
Is 57069810 a multiple of 966?
False
Is 10208666 a multiple of 55?
False
Is 57 a factor of 1064418?
True
Does 24 divide 1389107572?
False
Is 1062 a factor of 106428330?
True
Is 575 a factor of 1375082086?
False
Is 2 a factor of 5367?
False
Does 61 divide 201117?
True
Is 126034212 a multiple of 16?
False
Does 45 divide 7231050?
True
Does 475 divide 142252183?
False
Is 573 a factor of 1016654418?
True
Is 45 a factor of 1171572435?
True
Is 534110000 a multiple of 200?
True
Is 1620817405 a multiple of 129?
False
Does 4073 divide 431090649?
False
Is 134 a factor of 120805020?
True
Is 353 a factor of 380697792?
True
Is 18225361 a multiple of 13?
False
Does 112 divide 2776068512?
True
Is 3722 a factor of 191583033?
False
Does 130 divide 131221740?
True
Is 2946 a factor of 439802448?
True
Is 336 a factor of 742426416?
False
Does 9 divide 65939390?
False
Is 8317266 a multiple of 1244?
False
Is 63 a factor of 273411892?
False
Is 17 a factor of 587843?
True
Is 2371098 a multiple of 6?
True
Is 181 a factor of 1282135944?
True
Is 5 a factor of 18535710?
True
Is 8745475 a multiple of 33?
False
Is 9271392 a multiple of 69?
True
Is 26 a factor of 57745431?
False
Is 168987729 a multiple of 152?
False
Is 4681 a factor of 264613428?
False
Does 52 divide 20819419?
False
Is 659 a factor of 111769695?
True
Does 705 divide 78517036?
False
Is 119 a factor of 69510205?
False
Does 98 divide 6147344?
True
Is 8 a factor of 1030682944?
True
Does 15 divide 658077090?
True
Is 218068374 a multiple of 140?
False
Does 18 divide 1409540699?
False
Does 213 divide 3358153101?
True
Is 21426962 a multiple of 6?
False
Is 83085566 a multiple of 47?
True
Is 308819138 a multiple of 3422?
False
Does 82 divide 43984600?
False
Is 130 a factor of 1314115935?
False
Is 413 a factor of 910303830?
False
Does 12 divide 57824960?
False
Does 3 divide 71293517?
False
Is 229920004 a multiple of 536?
False
Is 767544064 a multiple of 224?
True
Does 93 divide 23622107?
False
Is 1811 a factor of 10141600?
True
Is 315036 a multiple of 4?
True
Does 81 divide 44168413?
False
Is 69 a factor of 112726329?
False
Does 300 divide 9891073?
False
Is 26 a factor of 1960807888?
True
Is 49105574 a multiple of 2?
True
Is 69761225 a multiple of 25?
True
Does 42 divide 16082619?
False
Is 167946269 a multiple of 41?
False
Is 4157084808 a multiple of 10356?
True
Is 43 a factor of 158394155?
True
Is 163 a factor of 1785513825?
False
Does 272 divide 141689294?
False
Does 9 divide 46386634?
False
Does 548 divide 279007767?
False
Is 21 a factor of 116106233?
False
Is 241648664 a multiple of 248?
False
Is 464 a factor of 71611372?
False
Is 17484541 a multiple of 19?
True
Is 2467 a factor of 549693302?
False
Is 45958601 a multiple of 50?
False
Is 362 a factor of 14845910?
False
Is 8409547 a multiple of 47?
False
Is 416719191 a multiple of 335?
False
Is 7 a factor of 245209097?
True
Is 1646 a factor of 1685713700?
False
Does 2556 divide 3223793910?
False
Is 153 a factor of 16098507?
True
Is 19653 a multiple of 2?
False
Is 399389848 a multiple of 572?
True
Does 585 divide 10618335?
True
Is 1288630420 a multiple of 3773?
True
Is 147 a factor of 333866988?
True
Is 817 a factor of 141236286?
False
Is 104759354 a multiple of 537?
False
Is 597487176 a multiple of 2574?
True
Does 12 divide 76608636?
True
Is 7345690 a multiple of 5?
True
Is 848 a factor of 23812454?
False
Is 313 a factor of 1779132412?
False
Does 5149 divide 478096482?
False
Is 3021 a factor of 134325744?
True
Does 612 divide 261882756?
True
Does 143 divide 91178945?
True
Is 532 a factor of 199573948?
True
Is 535936440 a multiple of 10?
True
Is 21 a factor of 8268787?
False
Does 84 divide 708213185?
False
Does 31 divide 895975385?
False
Does 331 divide 60949347?
True
Is 24496891 a multiple of 683?
False
Is 11 a factor of 153857110?
True
Does 89 divide 821099065?
False
Is 2 a factor of 6080006?
True
Does 6 divide 55723554?
True
Is 530 a factor of 12822043?
False
Is 485 a factor of 32589090?
True
Is 31390786 a multiple of 479?
True
Does 1662 divide 486098555?
False
Is 18072786 a multiple of 178?
False
Is 33566228 a multiple of 82?
False
Is 1394 a factor of 1290167306?
False
Does 41 divide 193643426?
False
Is 10 a factor of 1450436129?
False
Is 50546962 a multiple of 46?
True
Is 75028606 a multiple of 77?
False
Is 523481343 a multiple of 33?
True
Is 244599457 a multiple of 4?
False
Is 17959840 a multiple of 160?
True
Does 7 divide 77427448?
True
Does 61 divide 31382182?
True
Is 29461005 a multiple of 431?
True
Is 3441011 even?
False
Does 1550 divide 131984050?
True
Is 185883621 a multiple of 11?
True
Is 23189400 a multiple of 975?
True
Does 23 divide 338975816?
False
Does 777 divide 33647985?
True
Is 109636254 a multiple of 3618?
True
Does 47 divide 25284919?
True
Is 39933989 a multiple of 21?
False
Does 156 divide 33907848?
True
Does 63 divide 1627274361?
False
Is 2632830 a multiple of 3?
True
Does 24 divide 84197796?
False
Does 5 divide 942275?
True
Is 301 a factor of 84079745?
False
Is 69803019 a multiple of 297?
True
Is 309619310 a multiple of 1001?
True
Is 12 a factor of 125034684?
True
Is 350410706 a multiple of 5?
False
Does 43 divide 105824314?
False
Is 152618280 a multiple of 12?
True
Does 43 divide 531333069?
True
Is 14757349 a multiple of 1819?
False
Is 2 a factor of 6561613?
False
Is 1356 a factor of 107420964?
True
Is 5 a factor of 24524393?
False
Is 2322192 a multiple of 479?
True
Does 21 divide 3496210788?
True
Does 450 divide 67671450?
True
Is 3 a factor of 294770126?
False
Is 53 a factor of 43451043?
True
Does 6 divide 2190213?
False
Is 217735248 a multiple of 116?
True
Is 6 a factor of 24031044?
True
Is 448 a factor of 407700608?
True
Is 739 a factor of 42287532?
False
Does 750 divide 1315968000?
True
Does 20 divide 940911600?
True
Is 12 a factor of 413929774?
False
Is 260 a factor of 28752360?
True
Is 130811232 a multiple of 139?
True
Is 3 a factor of 22654397?
False
Does 50 divide 69635850?
True
Is 11452077 a multiple of 8?
False
Is 6749578528 a multiple of 7084?
True
Is 1230 a factor of 84486648?
False
Is 731410098 a multiple of 2569?
False
Is 1158 a factor of 80028252?
False
Is 8375947 a multiple of 73?
True
Is 15 a factor of 1371273?
False
Does 15 divide 472450139?
False
Is 58369552 a multiple of 8?
True
Is 3 a factor of 4512612?
True
Is 26 a factor of 206719?
False
Is 9 a factor of 234161181?
True
Is 15313128 a multiple of 2?
True
Is 71400575 a multiple of 95?
True
Is 2440256551 a multiple of 17?
True
Is 112457135 a multiple of 101?
False
Does 375 divide 105491?
False
Does 222 divide 36582966?
False
Is 3 a factor of 2671818?
True
Is 5038 a factor of 2524194178?
True
Is 9392250 a multiple of 43?
False
Does 1121 divide 227296071?
False
Does 599 divide 5986406?
True
Is 3925054 a multiple of 6?
False
Does 6 divide 100636829?
False
Is 121747131 a multiple of 3693?
True
Is 4668 a factor of 1041552168?
True
Does 5954 divide 4617546190?
False
Is 251037615 a multiple of 1